{"id":164,"date":"2012-05-14T18:43:38","date_gmt":"2012-05-14T18:43:38","guid":{"rendered":"http:\/\/creation-jardin.com\/wp\/?page_id=164"},"modified":"2015-01-22T14:37:06","modified_gmt":"2015-01-22T14:37:06","slug":"mentions-legales","status":"publish","type":"page","link":"https:\/\/www.creation-jardin.com\/paysagiste\/mentions-legales\/","title":{"rendered":"Mentions l\u00e9gales"},"content":{"rendered":"<p><h1 class=\"title\"><span>Mentions l\u00e9gales<\/span><\/h1><strong>Adresse postale<\/strong><br \/>\nParcs et Jardins M\u00e9diterran\u00e9ens<br \/>\nChemin de Reganat<br \/>\n13170 Les Pennes Mirabeau<\/p>\n<p><strong>T\u00e9l\u00e9phone &amp; Fax<\/strong><br \/>\nVous pouvez joindre notre secr\u00e9taire par t\u00e9l\u00e9phone du lundi au vendredi de 9h \u00e0 17h au 04 42 02 56 86.<\/p>\n<p><strong>Email<\/strong><br \/>\nVous pouvez nous joindre par Email \u00e0 l&rsquo;adresse : contact@thomasgentilini.com<\/p>\n<p><strong>RCS<\/strong><br \/>\nSARL<br \/>\nN\u00b0 TVA Intracommunautaire FR 88 51 95 14 533<br \/>\nSIRET : 519 514 533 000 16<br \/>\nCode APE : 8130Z<br \/>\nDirecteur de la publication<br \/>\nThomas Gentilini<\/p>\n<p><strong>H\u00e9bergeur<\/strong><br \/>\n1&amp;1 Internet SARL<br \/>\n7, place de la Gare<br \/>\nBP 70109<br \/>\n57201 Sarreguemines Cedex<\/p>\n<p><strong>Droit d\u2019auteur &amp; propri\u00e9t\u00e9 intellectuelle<\/strong> :<br \/>\nLes photos, la mise en page, les textes et chacun des \u00e9l\u00e9ments, y compris logos, code html et noms de domaine sur le site <a href=\"http:\/\/www.creation-jardin.com\/\">www.creation-jardin.com<\/a> appartiennent \u00e0 la St\u00e9 Parcs et Jardins M\u00e9diterran\u00e9ens.<\/p>\n<p>Selon le droit d&rsquo;auteur en France qui est r\u00e9gi par la loi du 11 mars 1957 et la loi du 3 juillet 1985, codifi\u00e9es dans le code de la propri\u00e9t\u00e9 intellectuelle.<\/p>\n<p>Tous les \u00e9l\u00e9ments pr\u00e9sents sur le Site Internet <a href=\"http:\/\/www.creation-jardin.com\/\">www.creation-jardin.com<\/a> sont donc soumis au droit d&rsquo;auteur et ainsi prot\u00e9g\u00e9s par la propri\u00e9t\u00e9 intellectuelle.<\/p>\n<p>La St\u00e9 Parcs et Jardins M\u00e9diterran\u00e9ens se r\u00e9serve le droit de poursuivre tout acte de contrefa\u00e7on de ses droits de propri\u00e9t\u00e9 intellectuelle.<\/p>\n<p><strong>Rappel :<br \/>\n<\/strong>Article L. 111-1 du Code de la propri\u00e9t\u00e9 intellectuelle : L&rsquo;auteur d&rsquo;une oeuvre de l&rsquo;esprit jouit sur cette oeuvre, du seul fait de sa cr\u00e9ation, d&rsquo;un droit de propri\u00e9t\u00e9 incorporelle exclusif et opposable \u00e0 tous. Ce droit comporte des attributs d&rsquo;ordre intellectuel et moral, ainsi que des attributs d&rsquo;ordre patrimonial [&#8230;].<br \/>\nArticle L. 123-1 du Code de la propri\u00e9t\u00e9 intellectuelle : L&rsquo;auteur jouit, sa vie durant du droit exclusif d&rsquo;exploiter son oeuvre sous quelque forme que ce soit et d&rsquo;en tirer un profit p\u00e9cuniaire. Au d\u00e9c\u00e8s de l&rsquo;auteur, ce droit persiste au b\u00e9n\u00e9fice de ses ayants-droits pendant l&rsquo;ann\u00e9e civile en cours et les soixante-dix ann\u00e9es qui suivent.<\/p>\n","protected":false},"excerpt":{"rendered":"<p>Mentions l\u00e9galesAdresse postale<br \/>\nParcs et Jardins M\u00e9diterran\u00e9ens<br \/>\nChemin de Reganat<br \/>\n13170 Les Pennes Mirabeau<\/p>\n<p>T\u00e9l\u00e9phone &amp; Fax<br \/>\nVous pouvez joindre notre secr\u00e9taire par t\u00e9l\u00e9phone du lundi au vendredi de 9h \u00e0 17h au 04 42 02 56 86.<\/p>\n<p>Email<br \/>\nVous pouvez nous joindre par Email \u00e0 l&rsquo;adresse : contact@thomasgentilini.com<\/p>\n<p>RCS<br \/>\nSARL<br \/>\nN\u00b0 TVA Intracommunautaire FR 88 51 95 14 533<br \/>\nSIRET : 519 514 533 000 16<br \/>\nCode APE : 8130Z<br \/>\nDirecteur de la publication<br \/>\nThomas Gentilini<\/p>\n<p>H\u00e9bergeur<br \/>\n1&amp;1 Internet SARL<br \/>\n7, place de la Gare<br \/>\nBP 70109<br \/>\n57201 Sarreguemines Cedex<\/p>\n<p>Droit d\u2019auteur &amp; propri\u00e9t\u00e9 intellectuelle :<br \/>\nLes photos, la mise en page, les textes et chacun des \u00e9l\u00e9ments, y compris logos, code html et noms &#8230; <a href=\"https:\/\/www.creation-jardin.com\/paysagiste\/mentions-legales\/\">Lire la suite &raquo;<\/a><\/p>\n","protected":false},"author":1,"featured_media":0,"parent":0,"menu_order":0,"comment_status":"open","ping_status":"open","template":"template-fullwidth.php","meta":{"footnotes":""},"aioseo_notices":[],"_links":{"self":[{"href":"https:\/\/www.creation-jardin.com\/paysagiste\/wp-json\/wp\/v2\/pages\/164"}],"collection":[{"href":"https:\/\/www.creation-jardin.com\/paysagiste\/wp-json\/wp\/v2\/pages"}],"about":[{"href":"https:\/\/www.creation-jardin.com\/paysagiste\/wp-json\/wp\/v2\/types\/page"}],"author":[{"embeddable":true,"href":"https:\/\/www.creation-jardin.com\/paysagiste\/wp-json\/wp\/v2\/users\/1"}],"replies":[{"embeddable":true,"href":"https:\/\/www.creation-jardin.com\/paysagiste\/wp-json\/wp\/v2\/comments?post=164"}],"version-history":[{"count":3,"href":"https:\/\/www.creation-jardin.com\/paysagiste\/wp-json\/wp\/v2\/pages\/164\/revisions"}],"predecessor-version":[{"id":1291,"href":"https:\/\/www.creation-jardin.com\/paysagiste\/wp-json\/wp\/v2\/pages\/164\/revisions\/1291"}],"wp:attachment":[{"href":"https:\/\/www.creation-jardin.com\/paysagiste\/wp-json\/wp\/v2\/media?parent=164"}],"curies":[{"name":"wp","href":"https:\/\/api.w.org\/{rel}","templated":true}]}}